-4. Let w = 5 + t. Suppose -2*d - d + 36 = -5*g, 2*g = 2*d - 24. Calculate the greatest common divisor of d and w.
4
Suppose 5239 + 3425 = 8*u. What is the highest common divisor of 57 and u?
57
Suppose -8*a - 63 = -119. Suppose 0 = -a*f + 19*f - 2160. What is the highest common divisor of 240 and f?
60
Let x = 31 + -16. Let t(j) = 17*j + 37 + 28 - 3*j**3 - 84 - 16*j**2 + 4*j**3. Let c be t(x). Calculate the greatest common divisor of 121 and c.
11
Let t(o) = 2*o**2 - 236*o + 2170. Let v be t(108). Calculate the greatest common factor of v and 26710.
10
Let l(o) = 6*o**2 - 73*o + 14. Let x be l(12). Suppose 3*s - x*s - 30 = n, -123 = -5*s - 4*n. Calculate the greatest common divisor of 171 and s.
9
Suppose 3*q = 3*f + 9, 3*q - 2*f + 6*f + 12 = 0. Suppose 4*z - 5*s = 19, q = 4*z - 3*s - 12 - 9. What is the highest common factor of 33 and z?
3
Let c(a) be the third derivative of -a**6/120 - a**5/30 + a**4/8 - 4*a**3/3 + 56*a**2. Let h be c(-5). What is the highest common factor of h and 8?
4
Let h = -49 + 16. Let u be h*(-15)/45*(0 - -1). Calculate the greatest common divisor of 121 and u.
11
Let f(x) = -358*x + 435. Let b be f(-20). Calculate the highest common divisor of 155 and b.
155
Let k = -467 + 467. Suppose k = -4*b + 5*q + 537, 4*q - 546 = -4*b + 6*q. Calculate the greatest common factor of 12 and b.
6
Let y be (4/22 - 52/44) + 38. Suppose -s - 3 = -y. What is the greatest common factor of 442 and s?
34
Let f = 892 - 621. Suppose 20*j - f = 89. Let b(m) = -12*m**3 - 2*m**2 - 2*m - 2. Let a be b(-2). Calculate the greatest common factor of j and a.
18
Let r(t) = t**3 - 18*t**2 + 16*t + 21. Let i be r(17). Let p be ((-67)/i)/((-12)/(-16) + -1). Let g = -34 + p. Calculate the greatest common factor of 22 and g.
11
Let x be (-12)/(-78) - (-50)/13. Suppose -5*u + 109 = -x*u. Let t = -84 + u. Calculate the greatest common factor of 100 and t.
25
Suppose 3*j - 2*h - 1134 = 0, 0 = 4*j + 2*h + 122 - 1676. What is the greatest common factor of j and 10080?
96
Suppose 0 = -w - f - 4, -w + 9*f = 13*f - 11. Let x(q) = -14*q - 48. Let h be x(w). Calculate the greatest common factor of h and 26.
26
Let s = 573 + -559. Suppose 18*o - 22*o = -896. What is the highest common divisor of s and o?
14
Let r(d) = -d**2 + 2*d + 75. Let b be r(15). Let a be (b/2)/((-1)/(-2)*-3). Calculate the highest common factor of a and 2.
2
Let p(z) = -41*z + 1681. Let k be p(11). Calculate the highest common factor of 7626 and k.
246
Let t(k) = -114*k + 7. Let g = -35 + 34. Let r be t(g). What is the highest common divisor of r and 99?
11
Suppose 81*h - 857504 = -46*h. Calculate the highest common factor of 2 and h.
2
Let b be ((-12)/(-3))/(4/22). Suppose -4*h = -5*w - 1403, -5*h + 5*w = 766 - 2521. What is the highest common factor of b and h?
22
Let j(k) = -12*k + 1284. Let r be j(35). Calculate the highest common factor of 1248 and r.
96
Let o be ((-80)/36)/((-11)/594). Calculate the highest common factor of 1452 and o.
12
Let g be (1900/38)/((-20)/(-8)). Let f(i) = i**2 + 20. Let n be f(0). Calculate the highest common factor of g and n.
20
Suppose -2*a + 9*g + 876 = 0, -4*a = 20*g - 16*g - 1884. Calculate the highest common factor of a and 30.
15
Suppose 0 = -19*b + 10639 - 265. Calculate the greatest common divisor of b and 126.
42
Suppose 26*o + 112 = 27*o + 70. What is the highest common divisor of o and 21?
21
Let a = 1492 + -1373. Calculate the greatest common divisor of a and 1105.
17
Let s(k) = -k**3 + 8*k**2 + k + 8. Let j(x) = x**3 + 5*x**2 + 4*x + 8. Let y be j(-4). Let a be s(y). What is the greatest common divisor of 1 and a?
1
Suppose 36 = 5*l - 4*c, 18 = 2*l - c + 3*c. Let b(v) = 4*v + 28. Let o be b(-16). Let x be (-8)/o - (-208)/36. What is the highest common divisor of x and l?
2
Let x = -6242 - -6256. What is the greatest common factor of 1442 and x?
14
Let l = 22 - 6. Suppose 0 = u + u - l. Let s be (-3 - (-5 - -1))*(-13 - -45). What is the greatest common factor of s and u?
8
Suppose -t = -4*a + 3000, -2*a + 0*t = 4*t - 1482. Let x = a + -349. What is the highest common divisor of 25 and x?
25
Let d = 4631 + -4569. Calculate the highest common factor of 3038 and d.
62
Let d = -214 + 223. Suppose d*f - 109 = 179. What is the highest common factor of 48 and f?
16
Suppose 77 = 6*d - 7. Suppose 0 = -d*y + 2*y + 1380. What is the highest common factor of y and 10?
5
Let l = 1082 + -706. Calculate the greatest common divisor of 1316 and l.
188
Let n be (-1114)/(-6) + 18/54. Suppose u + 4*t - 26 = -4, 0 = 4*t - 16. What is the highest common divisor of u and n?
6
Suppose -52*j + 49 = -45*j. Suppose -j*u = 194 - 2056. What is the highest common factor of u and 38?
38
Let l(a) = 3*a**3 + 94*a**2 + 266*a + 22. Let k be l(-9). What is the greatest common divisor of k and 182?
13
Suppose 52*b - 358455 = -24673 + 51538. Calculate the greatest common divisor of 228 and b.
114
Let g(f) = f**3 + 9*f**2 + 2*f - 10. Let n be g(-8). Let w be 2/15 + 242816/480. Suppose w + 824 = 5*j. Calculate the greatest common divisor of n and j.
38
Let b(k) = 9*k**2 + 52*k + 14. Let a be b(-8). Calculate the greatest common divisor of a and 4698.
174
Suppose 4*w - 5*z - 365 = 0, -82*w + 448 = -77*w + 2*z. Calculate the highest common factor of 18 and w.
18
Let g = -37 + 63. Let t be (g/(-26) + 90/4)*38. What is the greatest common divisor of 19 and t?
19
Suppose 217*r - 216*r - 4 = 0. Suppose 24*f - 19*f - 765 = -r*n, -4*f = 2*n - 378. What is the greatest common factor of n and 65?
65
Let p(q) be the second derivative of 131*q**4/12 + 7*q**3/6 + 5*q**2 + 58*q. Let j be p(-2). Calculate the greatest common divisor of 40 and j.
40
Let c(j) = -45*j**2 + 6 + 84*j**2 - 4 - 38*j**2 + 3*j. Let s be (-2)/8 + (-74)/(-8). Let a be c(s). What is the highest common divisor of 44 and a?
22
Suppose -29*j + 835 = 61*j - 3215. Calculate the greatest common factor of j and 8055.
45
Let o be (1/(-3))/(175/(-521850)). Calculate the highest common divisor of o and 56.
14
Let l = -289 + 641. What is the greatest common divisor of 800 and l?
32
Let h(x) = -19*x + 174. Let z be h(6). Let i(y) = y**2 + y + 1. Let u be i(0). Let r(p) = 12*p. Let n be r(u). What is the greatest common factor of z and n?
12
Let l(f) = -2*f**3 - 7*f**2 - f - 2. Let r be l(-3). Let z be 13 - r/(-5 + -3). Calculate the highest common divisor of 6 and z.
6
Let z = 520 + -506. Let h(c) = c**3 + c**2 - c + 2. Let d be h(0). Suppose l = d*l - 28. What is the highest common divisor of l and z?
14
Suppose 5*d + 6*s = 13574, -14*s - 4 = -15*s. Calculate the greatest common factor of 20 and d.
10
Let p(i) = 92*i**2 - 6*i + 1. Let t be p(1). Calculate the highest common factor of t and 33.
3
Suppose 4*q = 2*c + 35836, 5*c + 9800 = -5*q + 54610. What is the greatest common divisor of q and 35?
35
Let y(t) = 2*t + 10. Let v = 48 + -41. Let z be y(v). Suppose 2*w + 18 = 4*w - 2*s, -2*w - s + z = 0. What is the highest common factor of w and 11?
11
Suppose -5*q + 13*q = 0. Suppose 2*t + 0 - 14 = q. Suppose -2*j = -6*r + t*r - 28, -4*j + 4*r = -32. Calculate the highest common divisor of j and 204.
12
Let o be (-2)/6 + (-572)/(-6). Suppose 13*z - 2*z + 1408 = 0. Let c = z + 166. Calculate the highest common factor of o and c.
19
Suppose 2*f = 5*c - 385, 5*f + 3*c + 925 - 9 = 0. Let a = f + 50. Let v be ((-3)/5)/(18/a)*12. What is the highest common divisor of 81 and v?
27
Suppose 4*w = 54*s - 55*s + 4033, -4*s = 5*w - 5022. What is the greatest common factor of w and 50?
10
Suppose 112269 = 121*r - 55558. What is the highest common divisor of 19 and r?
19
Let q = 25 + -4. Let t = -489 + 657. What is the greatest common divisor of q and t?
21
Suppose -49*z + 53*z = 4*b + 552, 0 = 3*z + 3*b - 402. Let y(j) = j**2 - 5*j - 2. Let n be y(9). Calculate the greatest common divisor of n and z.
34
Let f = 7 - -8. Let l = f + -4. Let k(n) = 33*n**2 + 477*n + 954. Let h be k(-2). Calculate the greatest common divisor of h and l.
11
Suppose -n - 981 = -g, 4*n = -69*g + 64*g + 4833. Calculate the highest common divisor of 35 and g.
7
Suppose 12*v - 12*v = -17*v + 195721. Calculate the greatest common divisor of v and 29.
29
Let y(q) = -3*q**2 + 42*q + 24. Let h be y(14). Suppose -h*a + 900 = -12*a. Calculate the greatest common divisor of a and 3.